 19 is divided by i(3).
4
Let y be (-6)/10*(9 + -4). Let f(x) = -x**3 + x**2 + x + 11. Let o be f(0). Let l = o + y. Calculate the remainder when 15 is divided by l.
7
Let j(t) = -t**3 - 4*t**2 - 5*t - 3. Calculate the remainder when j(-3) is divided by (12/(-3 - -7))/(6 + -5).
0
Suppose 72 = 4*g + 5*j - 3*j, 3*g = -4*j + 49. Calculate the remainder when 54 is divided by g.
16
Let k be (-2 + -3)*(-1)/1. Suppose -b - 4*b + 49 = t, 16 = 4*b - k*t. What is the remainder when 24 + 0 + (-2)/(-2) is divided by b?
7
Suppose -5*t + 86 = -3*q + 370, -3*q - 3*t = -324. Suppose 0 = -4*s + q - 15. Calculate the remainder when 85 is divided by s.
19
Let g(m) = 29*m**3 - m**2 - m + 1. Let r be (1 + 0)*(-2)/(-2). Let l be g(r). Suppose 0*y - l = -4*y. Calculate the remainder when 25 is divided by y.
4
Calculate the remainder when 6 is divided by 12/(-8)*(1 + -3).
0
Suppose 2 = 2*g - 6. Suppose -5 = g*u - 29. Calculate the remainder when u is divided by 5.
1
What is the remainder when 12 is divided by ((-6)/4)/((-9)/24)?
0
Let y be (-1)/(0 - 1)*310. Calculate the remainder when 32 is divided by y/18 - (-4)/(-18).
15
Suppose 5*b = 8*b - 168. Calculate the remainder when b is divided by 15.
11
Suppose -2*h = -22 - 28. Suppose 2*k = -10 + 34. Suppose 0 = 2*v - 6 - k. What is the remainder when h is divided by v?
7
Let v(w) = -w**3 - w**2 + w - 21. Let y be v(0). Calculate the remainder when 48 is divided by ((-14)/y)/((-2)/(-75)).
23
Let z(a) = -7*a**2 + 3*a + 4. Let m be z(4). Let k = -38 - m. Suppose -k = -6*o + 4*o. What is the remainder when o is divided by 10?
9
Let m(i) = -6*i + 2. Let s(c) = -c**3 + 8*c**2 - 10*c - 7. Calculate the remainder when m(-2) is divided by s(6).
4
Let d = 1 + 8. What is the remainder when 33 is divided by d?
6
Suppose -408 = 3*k - 9*k. Calculate the remainder when k is divided by 23.
22
Let s(q) = -5*q - 1. Let u be s(-1). Let z be (1 + 1)*2/u. Calculate the remainder when (2 + z)/((-4)/(-12)) is divided by 5.
4
Let q be 44/8 + (-4)/8. Suppose 10*d - q*d - 80 = 0. Suppose -c = -5*h + 151, 0*h - 2*h = -2*c - 54. What is the remainder when h is divided by d?
15
Suppose 4 = -4*g, 0*p - 5*g = -4*p + 33. Calculate the remainder when p is divided by 12/(-18) + 14/3.
3
Suppose -2*l - 5*x + 57 + 52 = 0, 2*l - 69 = 3*x. Calculate the remainder when 81 is divided by l.
39
Let n be (-6)/(-4)*(-6)/(-9). Let z(b) = 12*b**3 - b**2. Let d be z(n). Suppose 0*m - d = -m + f, 4*f = 8. What is the remainder when m is divided by 7?
6
Suppose 2*c + 0*n + 4*n = 168, 5*c - n = 420. Suppose x - 5*x = -c. Calculate the remainder when 41 is divided by x.
20
Suppose 0 = d - 6*d + 65. Let v(x) = -x**3 - 7*x**2 + x + 10. Let y be v(-7). Let t = d + y. Calculate the remainder when 46 is divided by t.
14
Suppose 0 = -c + 3 + 9. What is the remainder when 47 is divided by c?
11
Suppose 2*j - 48 - 47 = -w, -3*w + 2*j = -301. Calculate the remainder when 61 is divided by (7/3)/(11/w).
19
Calculate the remainder when 187 is divided by (6/10)/(6/270).
25
Let t = 10 + -3. Calculate the remainder when 25 is divided by t.
4
Let d(n) be the first derivative of n**3/3 - n**2/2 - 9*n - 2. What is the remainder when d(7) is divided by 12?
9
Suppose 72 = 2*w + w + 4*m, -4*m + 112 = 5*w. Suppose w = -4*g, 5*g = c - 85 + 17. What is the remainder when c is divided by 11?
10
Let s = -3 - -25. Let u be 1 + 2/(-2) - -14. Let j = s - u. What is the remainder when j is divided by 3?
2
Suppose -5*x = 5*j, j + 10 + 2 = 2*x. Calculate the remainder when 12 is divided by x.
0
Let x = 1 + 10. Suppose 3*n = 5*b - 79, -3*b - n = -2*b - x. Calculate the remainder when 26 is divided by b.
12
Let d be -2*2/4 - -19. Let k = -13 + d. Calculate the remainder when 18 is divided by k.
3
What is the remainder when 49 is divided by (1/2)/(3/102)?
15
Let k(w) = 13*w**2 + 2*w - 1. Let i be k(-3). Let d = i - 76. Calculate the remainder when d is divided by 12.
10
Let o(i) = 5*i - 12. Let u(m) = 3*m + 2. Let j be u(6). Let f = j - 12. Calculate the remainder when o(f) is divided by 10.
8
Suppose -52 = -0*n - 2*n + 3*b, 0 = 2*b + 4. Suppose 2*l + 3*l - 60 = 0. Calculate the remainder when n is divided by l.
11
Let f(q) = -5*q + 2. Let v(s) = 4*s - 3. Let w(h) = -3*f(h) - 4*v(h). Let n = 9 + 35. Calculate the remainder when n is divided by w(-9).
14
Let w = -128 - -140. Suppose 0*d - 2*d - 3*j + 67 = 0, 0 = 2*d + 2*j - 68. Calculate the remainder when d is divided by w.
11
Let r = 7 - 3. Suppose -2*q - k + 1 = -22, -4*q = -r*k - 28. Let t(h) = 3*h**2 + 3*h. Calculate the remainder when q is divided by t(-2).
4
Let b(d) = d - 3. Let c(g) = 5*g**2 + 4*g - 2. Let y(m) = m**2 - 1. Let o(w) = -c(w) + 6*y(w). Calculate the remainder when b(5) is divided by o(5).
0
Let v = -10 + 4. Let u be 11/(-2 + (-15)/v). Let f = 41 - u. What is the remainder when f is divided by 5?
4
Suppose 0*l + 575 = 5*s + l, 4*s - 436 = 4*l. Calculate the remainder when s is divided by 30.
24
Suppose f - 24 = -5*y, -2*f = f - 4*y - 34. Let x = -10 + 9. What is the remainder when 1 + -2 - (-41 + x) is divided by f?
13
Suppose -4*j + 2 = -3*j. Suppose -j*t - 40 = -3*t. Let n = -37 + 58. Calculate the remainder when t is divided by n.
19
Suppose -t + 2 = -6*t + m, -4*m + 8 = 4*t. Let d(x) = x**2 - x + 9. Calculate the remainder when 15 is divided by d(t).
6
Let h(s) = -s + 13. Let c be 33*3/(-27)*-3. Let y be h(c). Suppose -u + 8 = -2*f, 3*u = -y*f + 26 + 38. What is the remainder when u is divided by 10?
8
Let l(g) = -4 + g + 3 + 2. Calculate the remainder when 7 is divided by l(4).
2
Suppose 4*k - 100 = -0*i - i, 4*i + 42 = k. What is the remainder when 102 is divided by k?
24
Suppose 4*n - 3*y + 1 = 3*n, 0 = 5*n + y - 43. Suppose 13 = 5*w - 12. What is the remainder when n is divided by w?
3
What is the remainder when (-1)/(-1 - (-42)/45) is divided by 9?
6
Suppose 0 = -11*k + 2 + 75. What is the remainder when k is divided by 2?
1
Let x(p) = 49*p**3 - 2*p**2 + 2*p - 1. What is the remainder when x(1) is divided by 17?
14
Let t(h) = -h**3 + 6*h**2 + 2*h - 15. Calculate the remainder when t(5) is divided by 7.
6
Let l(m) be the second derivative of 7*m**3/3 + m**2/2 + 12*m. Let h = -2 + 3. Calculate the remainder when l(h) is divided by 8.
7
Let l(m) = -1 - 5*m - m - 6*m - m**2. Let z = -14 - -26. Calculate the remainder when l(-5) is divided by z.
10
Suppose 2*t + 12 = 6*t. Suppose -6*n + 39 = -t*n. What is the remainder when 37 is divided by n?
11
Let v = 0 - -10. Let p(a) = 2*a**3 + 2*a**2 - 2*a - 2. Calculate the remainder when p(2) is divided by v.
8
Let h = -60 - -85. What is the remainder when h is divided by 9?
7
Let j = -5 - -3. Let x be (-3)/j*(-4)/3. Let w = 2 - x. Calculate the remainder when 6 is divided by w.
2
Let s be 16/10 - (-2)/5. Suppose -7*c = -s*c - 25. Let m(p) = -p - 4. What is the remainder when c is divided by m(-6)?
1
Let p(r) = r**3 - 4*r**2 - 5*r + 1. Let b be p(5). Let c(j) = 41*j - 1. Let i(t) = -6*t + 2. Calculate the remainder when c(b) is divided by i(-2).
12
Suppose 53 = 4*g + y, -4*y - 24 = -2*g - 2. Calculate the remainder when g is divided by (16/6)/(1/3).
5
Let m = 5 + -14. What is the remainder when 4/(-6) + (-393)/m is divided by 22?
21
Let w = -4 - 0. Calculate the remainder when w/4*(-42 - -1) is divided by 11.
8
Let x = -28 + 54. What is the remainder when 49 is divided by x?
23
Calculate the remainder when 3/15 - (-238)/10 is divided by 9.
6
Let v = 75 - 25. Let n(l) = -2*l + 1. What is the remainder when v is divided by n(-8)?
16
Let z = -39 - -68. What is the remainder when 83 is divided by z?
25
Let x = 48 + -26. Suppose -4*b + 20 = -4*a, -5*a + 5 = -b + x. Suppose -6*f + b*f = -32. Calculate the remainder when 23 is divided by f.
7
Let n = 30 + -137. Let l = -74 - n. What is the remainder when l is divided by 18?
15
Suppose 2*w = -2*w + 44. Calculate the remainder when w is divided by 6.
5
Let m(z) = -z**3 + 11*z**2 + 7*z - 16. Suppose 0*c + 2*c - 4*o - 30 = 0, -c - 3*o = -5. What is the remainder when m(c) is divided by 16?
13
Let o = -25 - -31. What is the remainder when 15 is divided by o?
3
Let d be 15/2*(-8 - -6). Let t = d + 20. Calculate the remainder when 10 is divided by t.
0
Suppose -2 = -3*x - 2*v + 5, -4*x - v = -16. Suppose 3*k + 11 = 3*t - 2*k, -25 = -x*t + 5*k. Cal